(f) = 2*f**2 + 4*f - 5569. Calculate the remainder when j(-77) is divided by 285.
281
Let n = -53 + 59. Suppose 61 - n = 5*t. Let q(p) = 2*p**3 + p**2 + p - 1. What is the remainder when q(2) is divided by t?
10
Suppose -5*x - i = -1292, -18*x + 16*x + 520 = 2*i. What is the remainder when x is divided by 55?
38
Let l(d) = 2*d**3 + 76*d**2 - 150*d + 5. Calculate the remainder when 112 is divided by l(2).
12
Suppose 0 = -11*t + 8*t + 48. Let r be -3 + (-636)/(4 - 8). Suppose s = 3*s + v - r, 375 = 5*s - 5*v. Calculate the remainder when s is divided by t.
13
Let b be (6 - 7008/36)/((-2)/3). Let x = -233 + b. What is the remainder when x is divided by 9?
5
What is the remainder when 1792 is divided by (-8 - (7 - 4)) + 57?
44
Let a = 178 + -174. Suppose 4*t + 2*j = 74, -8*t + a*t - 3*j + 71 = 0. What is the remainder when 96 is divided by t?
16
What is the remainder when (2*(-60)/8 + 8)*-1 + 684 is divided by 328?
35
Suppose r - 9 - 114 = 4*m, -2*m - 4*r = 84. Let z = m + 44. What is the remainder when (2 - 1)*(42 + -28) is divided by z?
2
Let l = 17 + 0. Suppose -18*q = -l*q + 19. Calculate the remainder when (-47)/(-2) - q/38 is divided by 10.
4
Suppose 4034 - 1434 = -13*d. Let o = d + 280. Calculate the remainder when o is divided by 12.
8
Suppose 42*x = 34*x + 24. Calculate the remainder when (0 - -60) + x + 4/2 is divided by 34.
31
Let h = -311 - -236. Let i = 119 + h. What is the remainder when i is divided by 35?
9
Let f = -8071 - -9435. Calculate the remainder when f is divided by 55.
44
Let x(q) = 7*q**2 + 2*q + 1. Let d = 42 - 43. Let a be x(d). Suppose -b - a*b + 406 = 0. What is the remainder when b is divided by 15?
13
Suppose 24*w + 17*w - 60822 = 23*w. What is the remainder when w is divided by 130?
129
Let v be (-4)/6 + (-128)/(-3). Suppose -k = 5*k - v. Let b(j) = 2*j**2 + 3*j - 38. What is the remainder when b(k) is divided by 28?
25
Suppose -4*w - 5481 = 3*m, 3*w + m = 2*m - 4101. Let a be ((-1)/((-3)/2))/(19/w). Calculate the remainder when (-4860)/a + 3/4 is divided by 52.
50
Suppose -2*w = -87 + 45. Suppose f - 7 = 4*d + 20, -2*d - w = -f. Calculate the remainder when (-10)/(-3)*12 - -2 is divided by f.
12
What is the remainder when 234 is divided by ((-6)/(-6) + 18/12)*544/40?
30
Let a = 609 - -793. Let j = a + -942. What is the remainder when j is divided by 11?
9
Suppose 0 = 139*y - 3535 - 1608. Calculate the remainder when y is divided by 2.
1
Suppose 1 - 9 = 2*x - 3*z, 22 = 5*x + 3*z. Let n = 45 - 29. Calculate the remainder when (-21)/(-2)*n/24 is divided by x.
1
What is the remainder when 90 is divided by -10 - -16 - 30/(-45)*(-231)/(-2)?
7
Let w(n) = 6*n**3 - n**2 + n + 1. Let x be w(3). Suppose -20*f = 13*f + 2871. Let g = f + x. What is the remainder when g is divided by 12?
10
Let q(c) = 26*c - 18. Let n be 3 - (-10)/(-3)*(-42)/35. Let m be q(n). Suppose 13*i - 11*i - m = 0. What is the remainder when i is divided by 28?
26
Suppose -3*m + 660 = -4*l + 9*l, 0 = 5*m - 3*l - 1134. Let n = m + -173. What is the remainder when n is divided by 14?
10
Suppose 0 = 4*a + 2*j - 5*j - 3, j + 12 = 5*a. Let z(c) = 177*c - 1203. Let h be z(7). Suppose 0 + h = a*d. Calculate the remainder when 41 is divided by d.
5
Let u(r) = r**3 + 23*r**2 - 23*r + 22. Let f be u(-24). Suppose 0 = -5*i + 303 - 23. Calculate the remainder when i is divided by -116*f/16*(-1 + 3).
27
Let b(h) = h**3 - 17*h**2 - 24*h + 47. Let m be b(18). Let s = m + 70. What is the remainder when 19 is divided by s?
1
Let h(o) = -42*o - 1136. What is the remainder when 316 is divided by h(-34)?
24
Let n = 1726 - 1272. What is the remainder when n is divided by 92?
86
Suppose 1232 = 25*f - 12*f - 2*f. Let j = -22 - -55. Suppose 5*s = a - j, a - 36 = -a - 5*s. What is the remainder when f is divided by a?
20
Let f(h) = 3*h + 1. Suppose -1 = -p + 10. Calculate the remainder when f(6) is divided by p + ((-15)/5 - -2).
9
Suppose 161*x - 1524 + 2033 - 9364 = 0. Calculate the remainder when 349 is divided by x.
19
Suppose -c = -14 - 3. What is the remainder when (8/24)/(366/(-369) - -1) is divided by c?
7
Suppose 16*v - 1036 = 10132. Let j = 103 - 75. Calculate the remainder when v is divided by j.
26
Let x = 713 + -218. Suppose 11*l = -4*l + x. What is the remainder when 33 is divided by l?
0
Calculate the remainder when -3 - 0 - (-24 + -572) is divided by 33.
32
Calculate the remainder when 9683 is divided by 6 + (-205)/215 - (-16)/(-344).
3
Suppose -2*m - m + 21 = -5*z, 3*z = m - 11. Suppose -14 = m*t - 9*t. Calculate the remainder when 54/(-90)*(-160)/6 is divided by t.
0
Let k = 760 - 497. Let r(s) = 852*s - 6750. What is the remainder when k is divided by r(8)?
65
Suppose 76*p + 1 = 75*p, 348 = 4*x - 4*p. Calculate the remainder when 1711 is divided by x.
77
Let q(h) = 13*h**2 - 2*h - 100. What is the remainder when q(-16) is divided by 76?
68
Let n(j) = -103*j + 93. Calculate the remainder when n(-7) is divided by 4.
2
Let t(j) = -j**2 + 7*j + 11. Let s be t(8). Let v = 70 + 4. What is the remainder when v is divided by (-38)/(4/(-6)*s)?
17
Let l = 358 + 2. Let g = -249 + l. Suppose 3*f - 8*f - 5 = 0, -5*x + f + g = 0. Calculate the remainder when 64 is divided by x.
20
Let j(m) be the third derivative of -5/2*m**3 + 0 + 7/8*m**4 + m**2 + 0*m. Calculate the remainder when j(8) is divided by 52.
49
Let w(p) = -p**3 + 18*p + 27. Let x be w(-5). Suppose -2*n = -4*m + x, -n = -m + 3*m - 33. What is the remainder when 27 is divided by m?
11
Suppose 4*i = c + 933, -2*i - 101 + 569 = -2*c. Let q(m) = -8*m**3 - 152*m**2 - 147*m - 2769. Calculate the remainder when i is divided by q(-19).
17
Let p = 1261 - 981. Calculate the remainder when p is divided by 44.
16
Let h(a) be the third derivative of 19*a**5/60 + a**4/6 - a**3/2 - a**2. Let q = 14256 - 14242. What is the remainder when h(2) is divided by q?
11
Suppose 3*u = -206 + 1151. Suppose 0*x - 9*x + u = 0. Let i = 44 - x. Calculate the remainder when 61 is divided by i.
7
Let z(d) = 16*d**2 + 35*d. Let c be z(-2). Suppose 5*k + 140 + 22 = 2*i, -4*k = -5*i + 371. What is the remainder when i is divided by -18*((-8)/c)/(-2)?
11
Let p = 4427 - 4350. Let w(l) = 3*l. Let z(q) = 1. Let y(g) = w(g) + 4*z(g). Calculate the remainder when p is divided by y(4).
13
Suppose 0 = -5*l + c + 2*c + 59, -2*c = l - 4. Suppose -4*y = s - 5*y - 8, 4*y + l = 2*s. Calculate the remainder when 144/(-8)*(-16)/6 is divided by s.
4
Suppose -6*n + 445 + 77 = 0. Suppose n = 5*f + 7. Suppose f*u - 313 = 39. What is the remainder when 59 is divided by u?
15
Let g(k) = 4*k**2 - 7*k + 10. Let v(s) = s**2 + 23*s - 75. Let r be v(-26). What is the remainder when g(r) is divided by 10?
5
Let h = -91 + 96. Suppose -h*d - 19 = -684. What is the remainder when d is divided by 34?
31
Let b(j) = j**3 + 172*j**2 - 17*j - 2900. Calculate the remainder when 170 is divided by b(-172).
2
Let u be 1*(6/3 - 255) + -4. Let p = -246 - u. Calculate the remainder when 96 is divided by p.
8
Suppose -3*p = s - 2807, 5*p + 8*s - 9*s - 4673 = 0. Calculate the remainder when p is divided by 24.
23
Suppose 745 = -2*g + 1873. What is the remainder when g is divided by 145?
129
Let l(k) = 310*k - 5520. What is the remainder when 259/(-2)*(-3 - 3) is divided by l(18)?
57
Suppose -z + 435 = 5*p, 385*z - 174 = -2*p + 380*z. What is the remainder when 1200 is divided by p?
69
Suppose 5*r - 2 = 4*x + 4*r, 5*r = -4*x - 14. Let o be (x + 12/8)/(4/(-1344)). Let v = -91 - o. Calculate the remainder when v is divided by 16.
13
Suppose -y - 531 = -541. What is the remainder when 3978/63 + 5 + (-1)/7 is divided by y?
8
Let x(n) = -n**3 + n**2 + n + 153. Let p be x(0). Let r = p + -36. What is the remainder when r is divided by 7/(14/(-4))*(-7 - (-65)/(-13))?
21
Calculate the remainder when 6378 is divided by -870*((-1)/(-1) - (14 - (-304)/(-24))).
288
Suppose 4*y - 36 = -5*d, -2*d = -3*y - 2 + 6. Suppose -169 = -y*g - 37. What is the remainder when g is divided by 1/3 + (-106)/(-6)?
15
Let t = 8741 - 8127. What is the remainder when t is divided by 11?
9
Suppose 15 = 6*g + 15. Let b(v) = 11*v + 18. What is the remainder when 3 + -1 - (2 + -35) is divided by b(g)?
17
Let f = 1 - -14. Suppose 29 = 7*b + f. Suppose -b*g + g = -8. What is the remainder when 10 is divided by g?
2
Let h(w)